{"id":1844,"date":"2025-05-19T14:29:40","date_gmt":"2025-05-19T14:29:40","guid":{"rendered":"https:\/\/www.friendly-ellis.212-227-170-25.plesk.page\/?page_id=1844"},"modified":"2025-08-04T09:21:38","modified_gmt":"2025-08-04T09:21:38","slug":"a-propos","status":"publish","type":"page","link":"https:\/\/www.friendly-ellis.212-227-170-25.plesk.page\/index.php\/a-propos\/","title":{"rendered":"\u00e0 propos"},"content":{"rendered":"\t\t<div data-elementor-type=\"wp-page\" data-elementor-id=\"1844\" class=\"elementor elementor-1844\" data-elementor-post-type=\"page\">\n\t\t\t\t\t\t<section class=\"elementor-section elementor-top-section elementor-element elementor-element-248619990 elementor-section-height-min-height elementor-section-boxed elementor-section-height-default elementor-section-items-middle row-top wpr-particle-no wpr-jarallax-no wpr-parallax-no wpr-sticky-section-no\" data-id=\"248619990\" data-element_type=\"section\" data-settings=\"{&quot;background_background&quot;:&quot;classic&quot;,&quot;shape_divider_bottom&quot;:&quot;opacity-tilt&quot;}\">\n\t\t\t\t\t\t\t<div class=\"elementor-background-overlay\"><\/div>\n\t\t\t\t\t\t<div class=\"elementor-shape elementor-shape-bottom\" aria-hidden=\"true\" data-negative=\"false\">\n\t\t\t<svg xmlns=\"http:\/\/www.w3.org\/2000\/svg\" viewBox=\"0 0 2600 131.1\" preserveAspectRatio=\"none\">\n\t<path class=\"elementor-shape-fill\" d=\"M0 0L2600 0 2600 69.1 0 0z\"\/>\n\t<path class=\"elementor-shape-fill\" style=\"opacity:0.5\" d=\"M0 0L2600 0 2600 69.1 0 69.1z\"\/>\n\t<path class=\"elementor-shape-fill\" style=\"opacity:0.25\" d=\"M2600 0L0 0 0 130.1 2600 69.1z\"\/>\n<\/svg>\t\t<\/div>\n\t\t\t\t\t<div class=\"elementor-container elementor-column-gap-default\">\n\t\t\t\t\t<div class=\"elementor-column elementor-col-100 elementor-top-column elementor-element elementor-element-24b0837e\" data-id=\"24b0837e\" data-element_type=\"column\">\n\t\t\t<div class=\"elementor-widget-wrap elementor-element-populated\">\n\t\t\t\t\t\t<div class=\"elementor-element elementor-element-3a5192dc elementor-widget elementor-widget-heading\" data-id=\"3a5192dc\" data-element_type=\"widget\" data-widget_type=\"heading.default\">\n\t\t\t\t<div class=\"elementor-widget-container\">\n\t\t\t\t\t<h2 class=\"elementor-heading-title elementor-size-default\">Berger Voyages<\/h2>\t\t\t\t<\/div>\n\t\t\t\t<\/div>\n\t\t\t\t<div class=\"elementor-element elementor-element-f2d48e0 elementor-widget-divider--view-line elementor-widget elementor-widget-divider\" data-id=\"f2d48e0\" data-element_type=\"widget\" data-widget_type=\"divider.default\">\n\t\t\t\t<div class=\"elementor-widget-container\">\n\t\t\t\t\t\t\t<div class=\"elementor-divider\">\n\t\t\t<span class=\"elementor-divider-separator\">\n\t\t\t\t\t\t<\/span>\n\t\t<\/div>\n\t\t\t\t\t\t<\/div>\n\t\t\t\t<\/div>\n\t\t\t\t\t<\/div>\n\t\t<\/div>\n\t\t\t\t\t<\/div>\n\t\t<\/section>\n\t\t\t\t<section class=\"elementor-section elementor-top-section elementor-element elementor-element-375a4303 elementor-section-boxed elementor-section-height-default elementor-section-height-default row-top wpr-particle-no wpr-jarallax-no wpr-parallax-no wpr-sticky-section-no\" data-id=\"375a4303\" data-element_type=\"section\">\n\t\t\t\t\t\t<div class=\"elementor-container elementor-column-gap-default\">\n\t\t\t\t\t<div class=\"elementor-column elementor-col-50 elementor-top-column elementor-element elementor-element-68c9139\" data-id=\"68c9139\" data-element_type=\"column\">\n\t\t\t<div class=\"elementor-widget-wrap elementor-element-populated\">\n\t\t\t\t\t\t<div class=\"elementor-element elementor-element-38f52efc elementor-widget elementor-widget-heading\" data-id=\"38f52efc\" data-element_type=\"widget\" data-widget_type=\"heading.default\">\n\t\t\t\t<div class=\"elementor-widget-container\">\n\t\t\t\t\t<h2 class=\"elementor-heading-title elementor-size-default\">Berger Voyages : 30 ans de passion au service de l'humain<\/h2>\t\t\t\t<\/div>\n\t\t\t\t<\/div>\n\t\t\t\t\t<\/div>\n\t\t<\/div>\n\t\t\t\t<div class=\"elementor-column elementor-col-50 elementor-top-column elementor-element elementor-element-672fb220\" data-id=\"672fb220\" data-element_type=\"column\">\n\t\t\t<div class=\"elementor-widget-wrap elementor-element-populated\">\n\t\t\t\t\t\t<div class=\"elementor-element elementor-element-24cd677e elementor-widget elementor-widget-text-editor\" data-id=\"24cd677e\" data-element_type=\"widget\" data-widget_type=\"text-editor.default\">\n\t\t\t\t<div class=\"elementor-widget-container\">\n\t\t\t\t\t\t\t\t\t<p><span style=\"font-weight: 400;\">Cr\u00e9\u00e9 il y a plus de trente Berger Voyages est le fruit de l\u2019alliance parfaite entre une passion pour le voyage et le service. Nous vous emm\u00e8nerons aux quatre coins de l\u2019Europe et du monde avec un seul objectif : vous faire vivre une v\u00e9ritable exp\u00e9rience. Plus qu\u2019une simple agence de voyages nous avons souhait\u00e9 remettre l\u2019humain et la convivialit\u00e9 au c\u0153ur de nos priorit\u00e9s.<\/span><\/p>\t\t\t\t\t\t\t\t<\/div>\n\t\t\t\t<\/div>\n\t\t\t\t\t<\/div>\n\t\t<\/div>\n\t\t\t\t\t<\/div>\n\t\t<\/section>\n\t\t\t\t<section class=\"elementor-section elementor-top-section elementor-element elementor-element-52a3051 elementor-section-boxed elementor-section-height-default elementor-section-height-default row-top wpr-particle-no wpr-jarallax-no wpr-parallax-no wpr-sticky-section-no\" data-id=\"52a3051\" data-element_type=\"section\">\n\t\t\t\t\t\t<div class=\"elementor-container elementor-column-gap-default\">\n\t\t\t\t\t<div class=\"elementor-column elementor-col-50 elementor-top-column elementor-element elementor-element-0b48105\" data-id=\"0b48105\" data-element_type=\"column\">\n\t\t\t<div class=\"elementor-widget-wrap elementor-element-populated\">\n\t\t\t\t\t\t<div class=\"elementor-element elementor-element-33d53c5 elementor-widget elementor-widget-text-editor\" data-id=\"33d53c5\" data-element_type=\"widget\" data-widget_type=\"text-editor.default\">\n\t\t\t\t<div class=\"elementor-widget-container\">\n\t\t\t\t\t\t\t\t\t<p><span style=\"font-weight: 400;\">Toute ces ann\u00e9es et ces kilom\u00e8tres d\u2019exp\u00e9riences nous permettent de vous garantir des voyages d\u2019exception, des moments \u00e0 partager en famille, entre amis ou m\u00eame avec de nouvelles connaissances, parce qu\u2019au final c\u2019est \u00e7a l\u2019important. Voyager, ce n\u2019est pas seulement visiter un pays ou un lieu dans le cadre d\u2019une logistique irr\u00e9prochable et de services hors pair. C\u2019est aussi l\u2019opportunit\u00e9 unique de s\u2019impr\u00e9gner de ses valeurs et de son histoire, de s\u2019immerger dans une culture inconnue. Le voyage est avant tout une histoire de rencontre et de partage et d\u2019\u00e9panouissement.<\/span><\/p>\t\t\t\t\t\t\t\t<\/div>\n\t\t\t\t<\/div>\n\t\t\t\t\t<\/div>\n\t\t<\/div>\n\t\t\t\t<div class=\"elementor-column elementor-col-50 elementor-top-column elementor-element elementor-element-40f6267\" data-id=\"40f6267\" data-element_type=\"column\">\n\t\t\t<div class=\"elementor-widget-wrap elementor-element-populated\">\n\t\t\t\t\t\t<div class=\"elementor-element elementor-element-f2e885c elementor-widget elementor-widget-heading\" data-id=\"f2e885c\" data-element_type=\"widget\" data-widget_type=\"heading.default\">\n\t\t\t\t<div class=\"elementor-widget-container\">\n\t\t\t\t\t<h2 class=\"elementor-heading-title elementor-size-default\">Le voyage, une aventure humaine avant tout<\/h2>\t\t\t\t<\/div>\n\t\t\t\t<\/div>\n\t\t\t\t\t<\/div>\n\t\t<\/div>\n\t\t\t\t\t<\/div>\n\t\t<\/section>\n\t\t\t\t<section class=\"elementor-section elementor-top-section elementor-element elementor-element-1e47fe3 elementor-section-boxed elementor-section-height-default elementor-section-height-default row-top wpr-particle-no wpr-jarallax-no wpr-parallax-no wpr-sticky-section-no\" data-id=\"1e47fe3\" data-element_type=\"section\" data-settings=\"{&quot;background_background&quot;:&quot;classic&quot;}\">\n\t\t\t\t\t\t<div class=\"elementor-container elementor-column-gap-default\">\n\t\t\t\t\t<div class=\"elementor-column elementor-col-100 elementor-top-column elementor-element elementor-element-2c427c6\" data-id=\"2c427c6\" data-element_type=\"column\">\n\t\t\t<div class=\"elementor-widget-wrap elementor-element-populated\">\n\t\t\t\t\t\t<div class=\"elementor-element elementor-element-633c80a elementor-widget elementor-widget-heading\" data-id=\"633c80a\" data-element_type=\"widget\" data-widget_type=\"heading.default\">\n\t\t\t\t<div class=\"elementor-widget-container\">\n\t\t\t\t\t<h2 class=\"elementor-heading-title elementor-size-default\">Rejoignez-nous !<\/h2>\t\t\t\t<\/div>\n\t\t\t\t<\/div>\n\t\t\t\t<div class=\"elementor-element elementor-element-1d8c245 elementor-widget elementor-widget-heading\" data-id=\"1d8c245\" data-element_type=\"widget\" data-widget_type=\"heading.default\">\n\t\t\t\t<div class=\"elementor-widget-container\">\n\t\t\t\t\t<h2 class=\"elementor-heading-title elementor-size-default\">Rejoignez une entreprise familiale en plein d\u00e9veloppement :*<\/h2>\t\t\t\t<\/div>\n\t\t\t\t<\/div>\n\t\t\t\t\t<\/div>\n\t\t<\/div>\n\t\t\t\t\t<\/div>\n\t\t<\/section>\n\t\t\t\t<section class=\"elementor-section elementor-top-section elementor-element elementor-element-3ee7fe7b elementor-section-boxed elementor-section-height-default elementor-section-height-default row-top wpr-particle-no wpr-jarallax-no wpr-parallax-no wpr-sticky-section-no\" data-id=\"3ee7fe7b\" data-element_type=\"section\">\n\t\t\t\t\t\t<div class=\"elementor-container elementor-column-gap-default\">\n\t\t\t\t\t<div class=\"elementor-column elementor-col-50 elementor-top-column elementor-element elementor-element-50f74b1f\" data-id=\"50f74b1f\" data-element_type=\"column\">\n\t\t\t<div class=\"elementor-widget-wrap elementor-element-populated\">\n\t\t\t\t\t\t<div class=\"elementor-element elementor-element-3d5547b6 elementor-widget elementor-widget-image\" data-id=\"3d5547b6\" data-element_type=\"widget\" data-widget_type=\"image.default\">\n\t\t\t\t<div class=\"elementor-widget-container\">\n\t\t\t\t\t\t\t\t\t\t\t\t\t\t\t<img fetchpriority=\"high\" decoding=\"async\" width=\"900\" height=\"598\" src=\"https:\/\/www.friendly-ellis.212-227-170-25.plesk.page\/wp-content\/uploads\/2025\/05\/pexels-pixabay-34223-1024x680.jpg\" class=\"attachment-large size-large wp-image-12787\" alt=\"\" srcset=\"https:\/\/www.friendly-ellis.212-227-170-25.plesk.page\/wp-content\/uploads\/2025\/05\/pexels-pixabay-34223-1024x680.jpg 1024w, https:\/\/www.friendly-ellis.212-227-170-25.plesk.page\/wp-content\/uploads\/2025\/05\/pexels-pixabay-34223-768x510.jpg 768w\" sizes=\"(max-width: 900px) 100vw, 900px\" \/>\t\t\t\t\t\t\t\t\t\t\t\t\t\t\t<\/div>\n\t\t\t\t<\/div>\n\t\t\t\t\t<\/div>\n\t\t<\/div>\n\t\t\t\t<div class=\"elementor-column elementor-col-50 elementor-top-column elementor-element elementor-element-7afa4b70\" data-id=\"7afa4b70\" data-element_type=\"column\">\n\t\t\t<div class=\"elementor-widget-wrap elementor-element-populated\">\n\t\t\t\t\t\t<div class=\"elementor-element elementor-element-13a3adbf elementor-widget elementor-widget-heading\" data-id=\"13a3adbf\" data-element_type=\"widget\" data-widget_type=\"heading.default\">\n\t\t\t\t<div class=\"elementor-widget-container\">\n\t\t\t\t\t<h2 class=\"elementor-heading-title elementor-size-default\">Int\u00e9grez une entreprise en pleine expansion\u202f!<\/h2>\t\t\t\t<\/div>\n\t\t\t\t<\/div>\n\t\t\t\t<div class=\"elementor-element elementor-element-de61938 elementor-widget-divider--view-line elementor-widget elementor-widget-divider\" data-id=\"de61938\" data-element_type=\"widget\" data-widget_type=\"divider.default\">\n\t\t\t\t<div class=\"elementor-widget-container\">\n\t\t\t\t\t\t\t<div class=\"elementor-divider\">\n\t\t\t<span class=\"elementor-divider-separator\">\n\t\t\t\t\t\t<\/span>\n\t\t<\/div>\n\t\t\t\t\t\t<\/div>\n\t\t\t\t<\/div>\n\t\t\t\t<div class=\"elementor-element elementor-element-30c828f6 elementor-widget elementor-widget-text-editor\" data-id=\"30c828f6\" data-element_type=\"widget\" data-widget_type=\"text-editor.default\">\n\t\t\t\t<div class=\"elementor-widget-container\">\n\t\t\t\t\t\t\t\t\t<p><b>Notre savoir-faire<\/b><\/p><p><span style=\"font-weight: 400;\">Berger Voyages c\u2019est 3 domaines de comp\u00e9tences :<\/span><\/p><ul><li style=\"font-weight: 400;\" aria-level=\"1\"><span style=\"font-weight: 400;\">La conception de voyages pour les individuels et les groupes, des prestations de notre brochure jusqu\u2019au voyage individuel, au d\u00e9part de votre r\u00e9gion.<\/span><\/li><li style=\"font-weight: 400;\" aria-level=\"1\"><span style=\"font-weight: 400;\">La distribution de billetterie (air, mer, fer), de croisi\u00e8res et de forfaits des meilleurs tour-op\u00e9rateurs dont l\u2019offre vient en compl\u00e9ment de notre brochure.<\/span><\/li><li style=\"font-weight: 400;\" aria-level=\"1\"><span style=\"font-weight: 400;\">Le m\u00e9tier d\u2019autocariste avec une flotte de v\u00e9hicules grand tourisme et de chauffeurs exp\u00e9riment\u00e9s, mais aussi du ramassage scolaire et du transport en autocars pour tous types de d\u00e9placements.<\/span><\/li><\/ul><p>\u00a0<\/p><p><b>Rejoignez-nous !<\/b><b><br \/><\/b><span style=\"font-weight: 400;\">Rejoignez une entreprise familiale en plein d\u00e9veloppement :<\/span><span style=\"font-weight: 400;\"><br \/><\/span><b>\u2022 Conducteur(rice) : <\/b><span style=\"font-weight: 400;\">Nous vous accompagnons dans le passage du permis autocar, pour des postes en compl\u00e9ment de revenus en petit v\u00e9hicule jusqu\u2019au temps plein \u00e0 travers l\u2019Europe,<\/span><span style=\"font-weight: 400;\"><br \/><\/span><b>\u2022 Stages et alternances <\/b><span style=\"font-weight: 400;\">\u00e0 pourvoir (tourisme, commercial, gestion, etc),<\/span><span style=\"font-weight: 400;\"><br \/><\/span><b>\u2022 Postes d\u2019agents de planning, de m\u00e9canicien et bien plus \u00e0 venir !<\/b><\/p>\t\t\t\t\t\t\t\t<\/div>\n\t\t\t\t<\/div>\n\t\t\t\t<div class=\"elementor-element elementor-element-ff8c1b6 elementor-widget elementor-widget-premium-addon-button\" data-id=\"ff8c1b6\" data-element_type=\"widget\" data-widget_type=\"premium-addon-button.default\">\n\t\t\t\t<div class=\"elementor-widget-container\">\n\t\t\t\t\t\r\n\r\n\t\t<a data-text=\"Rejoignez l&#039;aventure d\u00e8s maintenant\" class=\"premium-button premium-button-style8 premium-btn-lg premium-button-line1\" href=\"https:\/\/premiumaddons.com\/docs\/elementor-woo-cta-widget-tutorial\/\">\r\n\t\t\t<div class=\"premium-button-text-icon-wrapper\">\r\n\t\t\t\t\r\n\t\t\t\t\t\t\t\t\t<span >\r\n\t\t\t\t\t\tRejoignez l'aventure d\u00e8s maintenant\t\t\t\t\t<\/span>\r\n\t\t\t\t\r\n\t\t\t\t\t\t\t<\/div>\r\n\r\n\t\t\t\r\n\t\t\t\r\n\t\t\t\t\t\t\t<div class=\"premium-btn-line-wrap\"><svg class=\"premium-btn-svg\" width=\"100%\" height=\"9\" viewBox=\"0 0 101 9\">\n                <path d=\"M.426 1.973C4.144 1.567 17.77-.514 21.443 1.48 24.296 3.026 24.844 4.627 27.5 7c3.075 2.748 6.642-4.141 10.066-4.688 7.517-1.2 13.237 5.425 17.59 2.745C58.5 3 60.464-1.786 66 2c1.996 1.365 3.174 3.737 5.286 4.41 5.423 1.727 25.34-7.981 29.14-1.294\" pathLength=\"1\"><\/path>\n                <\/svg><\/div>\t\t\t\r\n\t\t<\/a>\r\n\r\n\r\n\t\t\t\t\t\t<\/div>\n\t\t\t\t<\/div>\n\t\t\t\t\t<\/div>\n\t\t<\/div>\n\t\t\t\t\t<\/div>\n\t\t<\/section>\n\t\t<div class=\"elementor-element elementor-element-ea6fe15 e-con-full e-flex wpr-particle-no wpr-jarallax-no wpr-parallax-no wpr-sticky-section-no e-con e-parent\" data-id=\"ea6fe15\" data-element_type=\"container\">\n\t\t\t\t<div class=\"elementor-element elementor-element-3b79d86 elementor-widget elementor-widget-image\" data-id=\"3b79d86\" data-element_type=\"widget\" data-widget_type=\"image.default\">\n\t\t\t\t<div class=\"elementor-widget-container\">\n\t\t\t\t\t\t\t\t\t\t\t\t\t\t\t<img decoding=\"async\" src=\"https:\/\/www.friendly-ellis.212-227-170-25.plesk.page\/wp-content\/uploads\/2025\/05\/Capture-decran-2025-05-19-233738.png\" title=\"\" alt=\"\" loading=\"lazy\" \/>\t\t\t\t\t\t\t\t\t\t\t\t\t\t\t<\/div>\n\t\t\t\t<\/div>\n\t\t\t\t<\/div>\n\t\t\t\t<\/div>\n\t\t","protected":false},"excerpt":{"rendered":"<p>Berger Voyages Berger Voyages : 30 ans de passion au service de l&#8217;humain Cr\u00e9\u00e9 il y a plus de trente Berger Voyages est le fruit de l\u2019alliance parfaite entre une passion pour le voyage et le service. Nous vous emm\u00e8nerons aux quatre coins de l\u2019Europe et du monde avec un seul objectif : vous faire vivre une v\u00e9ritable exp\u00e9rience. Plus qu\u2019une simple agence de voyages nous avons souhait\u00e9 remettre l\u2019humain et la convivialit\u00e9 au c\u0153ur de nos priorit\u00e9s. Toute ces ann\u00e9es et ces kilom\u00e8tres d\u2019exp\u00e9riences nous permettent de vous garantir des voyages d\u2019exception, des moments \u00e0 partager en famille, entre amis ou m\u00eame avec de nouvelles connaissances, parce qu\u2019au final c\u2019est \u00e7a l\u2019important. Voyager, ce n\u2019est pas seulement visiter un pays ou un lieu dans le cadre d\u2019une logistique irr\u00e9prochable et de services hors pair. C\u2019est aussi l\u2019opportunit\u00e9 unique de s\u2019impr\u00e9gner de ses valeurs et de son histoire, de s\u2019immerger dans une culture inconnue. Le voyage est avant tout une histoire de rencontre et de partage et d\u2019\u00e9panouissement. Le voyage, une aventure humaine avant tout Rejoignez-nous ! Rejoignez une entreprise familiale en plein d\u00e9veloppement :* Int\u00e9grez une entreprise en pleine expansion\u202f! Notre savoir-faire Berger Voyages c\u2019est 3 domaines de comp\u00e9tences : La conception de voyages pour les individuels et les groupes, des prestations de notre brochure jusqu\u2019au voyage individuel, au d\u00e9part de votre r\u00e9gion. La distribution de billetterie (air, mer, fer), de croisi\u00e8res et de forfaits des meilleurs tour-op\u00e9rateurs dont l\u2019offre vient en compl\u00e9ment de notre brochure. Le m\u00e9tier d\u2019autocariste avec une flotte de v\u00e9hicules grand tourisme et de chauffeurs exp\u00e9riment\u00e9s, mais aussi du ramassage scolaire et du transport en autocars pour tous types de d\u00e9placements. \u00a0 Rejoignez-nous !Rejoignez une entreprise familiale en plein d\u00e9veloppement :\u2022 Conducteur(rice) : Nous vous accompagnons dans le passage du permis autocar, pour des postes en compl\u00e9ment de revenus en petit v\u00e9hicule jusqu\u2019au temps plein \u00e0 travers l\u2019Europe,\u2022 Stages et alternances \u00e0 pourvoir (tourisme, commercial, gestion, etc),\u2022 Postes d\u2019agents de planning, de m\u00e9canicien et bien plus \u00e0 venir ! Rejoignez l&#8217;aventure d\u00e8s maintenant<\/p>\n","protected":false},"author":1,"featured_media":0,"parent":0,"menu_order":0,"comment_status":"closed","ping_status":"closed","template":"elementor_theme","meta":{"footnotes":""},"class_list":["post-1844","page","type-page","status-publish","hentry"],"_links":{"self":[{"href":"https:\/\/www.friendly-ellis.212-227-170-25.plesk.page\/index.php\/wp-json\/wp\/v2\/pages\/1844","targetHints":{"allow":["GET"]}}],"collection":[{"href":"https:\/\/www.friendly-ellis.212-227-170-25.plesk.page\/index.php\/wp-json\/wp\/v2\/pages"}],"about":[{"href":"https:\/\/www.friendly-ellis.212-227-170-25.plesk.page\/index.php\/wp-json\/wp\/v2\/types\/page"}],"author":[{"embeddable":true,"href":"https:\/\/www.friendly-ellis.212-227-170-25.plesk.page\/index.php\/wp-json\/wp\/v2\/users\/1"}],"replies":[{"embeddable":true,"href":"https:\/\/www.friendly-ellis.212-227-170-25.plesk.page\/index.php\/wp-json\/wp\/v2\/comments?post=1844"}],"version-history":[{"count":38,"href":"https:\/\/www.friendly-ellis.212-227-170-25.plesk.page\/index.php\/wp-json\/wp\/v2\/pages\/1844\/revisions"}],"predecessor-version":[{"id":12985,"href":"https:\/\/www.friendly-ellis.212-227-170-25.plesk.page\/index.php\/wp-json\/wp\/v2\/pages\/1844\/revisions\/12985"}],"wp:attachment":[{"href":"https:\/\/www.friendly-ellis.212-227-170-25.plesk.page\/index.php\/wp-json\/wp\/v2\/media?parent=1844"}],"curies":[{"name":"wp","href":"https:\/\/api.w.org\/{rel}","templated":true}]}}